{"id":37,"date":"2023-06-04T21:24:08","date_gmt":"2023-06-04T21:24:08","guid":{"rendered":"https:\/\/seifeddine-maachaoui.students-laplateforme.io\/mycms\/?page_id=37"},"modified":"2023-06-04T21:33:20","modified_gmt":"2023-06-04T21:33:20","slug":"a-propos","status":"publish","type":"page","link":"https:\/\/seifeddine-maachaoui.students-laplateforme.io\/mycms\/?page_id=37","title":{"rendered":"\u00c0 Propos"},"content":{"rendered":"\n<p class=\"has-black-color has-white-background-color has-text-color has-background\" style=\"font-size:25px\"><em>Mobishield<strong> <\/strong>est l&rsquo;une des plus grandes boutiques en ligne dans le domaine des protections d&rsquo;\u00e9cran pour t\u00e9l\u00e9phones. Notre gamme comprend plus de 50 000 produits. Chacun y trouve son bonheur ! De plus, nous garantissons une exp\u00e9dition directe et rapide. Si vous passez votre commande avant 21h00, elle sera exp\u00e9di\u00e9e le jour m\u00eame ! Votre nouvelle protection d&rsquo;\u00e9cran vous parviendra toujours le plus rapidement possible !<\/em><\/p>\n\n\n\n<h2 class=\"wp-block-heading\">Le meilleur service<\/h2>\n\n\n\n<p class=\"has-black-color has-white-background-color has-text-color has-background\" style=\"font-size:25px\"><em>En plus d&rsquo;offrir une gamme compl\u00e8te, nous attachons une grande importance \u00e0 offrir le meilleur service. Notre service client est disponible tous les jours pour r\u00e9pondre \u00e0 vos questions. Une partie de notre service est la livraison gratuite pour toutes les commandes en France et Belgique. De plus, nous utilisons une p\u00e9riode de retour g\u00e9n\u00e9reuse de 100 jours au cas o\u00f9 vous n&rsquo;aimeriez pas compl\u00e8tement votre produit re\u00e7u. Par exemple, vous pouvez commander tous vos accessoires de t\u00e9l\u00e9phone, tablette et ordinateur portable rapidement, \u00e0 moindre co\u00fbt et sans souci sur Mobishield.<\/em><\/p>\n","protected":false},"excerpt":{"rendered":"<p>Mobishield est l&rsquo;une des plus grandes boutiques en ligne dans le domaine des protections d&rsquo;\u00e9cran pour t\u00e9l\u00e9phones. Notre gamme comprend&#8230;<\/p>\n","protected":false},"author":1,"featured_media":0,"parent":0,"menu_order":0,"comment_status":"closed","ping_status":"closed","template":"templates\/fullwidth.php","meta":[],"jetpack-related-posts":[{"id":17,"url":"https:\/\/seifeddine-maachaoui.students-laplateforme.io\/mycms\/","url_meta":{"origin":37,"position":0},"title":"Page d\u2019accueil","date":"juin 4, 2023","format":false,"excerpt":"Bienvenue sur Mobishield ! Fini les chocs qui ab\u00eeme ton smartphone ! Faire des achats Nouveaux produits Acheter maintenant Location 2020 Lomita Blvd,\u00a0Torrance, CA 90101United States Pages Follow us Facebook Instagram Twitter Proudly powered by WordPress","rel":"","context":"Article similaire","img":{"alt_text":"Une banni\u00e8re pour le site","src":"https:\/\/i0.wp.com\/seifeddine-maachaoui.students-laplateforme.io\/mycms\/wp-content\/uploads\/2023\/06\/1182-scaled.jpg?fit=1200%2C576&ssl=1&resize=350%2C200","width":350,"height":200},"classes":[]}],"_links":{"self":[{"href":"https:\/\/seifeddine-maachaoui.students-laplateforme.io\/mycms\/index.php?rest_route=\/wp\/v2\/pages\/37"}],"collection":[{"href":"https:\/\/seifeddine-maachaoui.students-laplateforme.io\/mycms\/index.php?rest_route=\/wp\/v2\/pages"}],"about":[{"href":"https:\/\/seifeddine-maachaoui.students-laplateforme.io\/mycms\/index.php?rest_route=\/wp\/v2\/types\/page"}],"author":[{"embeddable":true,"href":"https:\/\/seifeddine-maachaoui.students-laplateforme.io\/mycms\/index.php?rest_route=\/wp\/v2\/users\/1"}],"replies":[{"embeddable":true,"href":"https:\/\/seifeddine-maachaoui.students-laplateforme.io\/mycms\/index.php?rest_route=%2Fwp%2Fv2%2Fcomments&post=37"}],"version-history":[{"count":4,"href":"https:\/\/seifeddine-maachaoui.students-laplateforme.io\/mycms\/index.php?rest_route=\/wp\/v2\/pages\/37\/revisions"}],"predecessor-version":[{"id":43,"href":"https:\/\/seifeddine-maachaoui.students-laplateforme.io\/mycms\/index.php?rest_route=\/wp\/v2\/pages\/37\/revisions\/43"}],"wp:attachment":[{"href":"https:\/\/seifeddine-maachaoui.students-laplateforme.io\/mycms\/index.php?rest_route=%2Fwp%2Fv2%2Fmedia&parent=37"}],"curies":[{"name":"wp","href":"https:\/\/api.w.org\/{rel}","templated":true}]}}